it of c(-1)?
4
Suppose 13 + 8 = 3*y. What is the units digit of y?
7
Let i(h) = 2*h**2 - 4*h - 2. Suppose -2*k + 6*k = 20. What is the units digit of i(k)?
8
Let m = -29 - -54. Suppose n - 4*n = -4*f + m, -3*f + 9 = n. Suppose -2*s - f = -2*w - 3*s, -5*w + 9 = 3*s. What is the units digit of w?
3
Suppose 26 = h - 3*g + 2*g, 0 = 4*h - g - 113. Suppose 0 = -5*z + k + h, -5*z + 4*k + 17 = -9. What is the units digit of z?
6
Let h be ((-6)/4)/(1/(-2)). What is the units digit of 7/(-21) + 130/h?
3
Let w = 144 + -80. What is the units digit of w?
4
Let m = 7 + -8. What is the units digit of 9/(-3) + (m - -28)?
4
Let o be 12/(-18) + (-2)/(-3). Suppose 5*a = -5*n + 95, -n + o = -1. What is the units digit of a?
8
Let j(o) = o**2 + o - 1. Let f(p) = p + 15. Let z be f(-13). What is the units digit of j(z)?
5
Let s = 1 + 2. Suppose -2*k - 10 = -s*p, p + 3*p + k = 17. What is the units digit of p?
4
What is the units digit of (66/8)/(21/308)?
1
Let y be 1/(-2) + (-15)/6. Let m(d) = 2*d - 1 - 6 + 2*d**2 - d + 5. What is the units digit of m(y)?
3
Suppose 0 = -2*a - a. Suppose 16 = 2*c - a. What is the units digit of c?
8
Let l(s) be the second derivative of s**4/12 - s**3/6 - 2*s**2 + s. Let x be l(3). Suppose -x*o + 5 = -o. What is the units digit of o?
5
Let g = 25 + -4. What is the tens digit of g?
2
Suppose 3*t - 62 = t. Suppose 16 = -v + t. What is the units digit of v?
5
Let t(k) = -27*k**3 - 1. Let d be t(-1). Suppose w = 5*f + d, 2*f = -3*f - 15. What is the tens digit of w?
1
Let z be (3/(-12) - 2)*-4. Suppose -3*m = r, -21 = -r + m - z. What is the units digit of r?
9
Let h(l) = -13*l**3 - 29*l**2 + 2*l + 15. Let u(q) = 7*q**3 + 15*q**2 - q - 8. Let a(s) = -6*h(s) - 11*u(s). What is the units digit of a(-9)?
7
Suppose 38 + 28 = a + 2*s, -12 = -4*s. What is the tens digit of a?
6
Let y = 2 - -2. What is the units digit of y?
4
Let j(w) = -w**3 + 4*w**2 + w + 2. Suppose y = 1 + 3. What is the units digit of j(y)?
6
Let q(t) = -t**2 + 7*t - 6. Let i be q(4). Suppose -8*x + 5*x = -9. Let y = i - x. What is the units digit of y?
3
Let s(z) = 33*z**3 + 2*z**2 - 5*z + 3. What is the units digit of s(1)?
3
Let f be (1/3)/((-6)/(-36)). Let h be 8*(f/1 - 3). Let o = 12 + h. What is the units digit of o?
4
Let s(y) = y + 7. Suppose -11 - 17 = 4*b. Let g be s(b). Let v = 8 + g. What is the units digit of v?
8
Suppose 3*h - 2*h - 53 = 0. What is the units digit of h?
3
Suppose 1712 = -3*a + 7*a. What is the hundreds digit of a?
4
What is the tens digit of (-3 + -2)*(138/(-5))/3?
4
Let h = -115 + 212. What is the units digit of h?
7
Let h be 2 - -1 - (0 - 1). Suppose 4*l = h, -3*y - l - 1 = -35. What is the units digit of y?
1
Let s be 10/4 + (-1)/2. Suppose -3*w + s*q + 22 = 0, 31 - 5 = 4*w - 2*q. What is the units digit of w?
4
Let m = 47 - 14. What is the units digit of m?
3
Let h(u) = 1 - 4*u + u + 0*u - 2*u. What is the units digit of h(-1)?
6
Suppose 2*w = -w + 3. Let b(o) = 35*o**3 - 2*o + 1. What is the tens digit of b(w)?
3
Let q = -3 - -5. Suppose q*y - 55 = -5*n, 0 = -n - 3*n - 2*y + 42. What is the tens digit of n?
1
Suppose 4*u - 21 + 1 = 0. Suppose 7*p - 18 = 3*p + 3*r, 4*p - 22 = u*r. What is the units digit of 1/((6/2)/p)?
1
Let i(x) = 8*x + 5. What is the tens digit of i(3)?
2
Let j(s) = -6 - 2*s + s + 3 + 0. What is the units digit of j(-7)?
4
Suppose 0*p + 3*v - 242 = -2*p, -v = 2. What is the units digit of p?
4
What is the units digit of (-102)/(-1) - (16 - 12)?
8
Suppose -3*m = y - 10, 0*m - 18 = -5*m - 3*y. Suppose -6*q + q = -10. Suppose -q*v = -l - 3, m*v = 2*v - 3*l - 2. What is the units digit of v?
1
Let m = -23 + 13. Suppose 0 = u + q + 8, -5 = 2*q + 5. Let x = u - m. What is the units digit of x?
7
Let u = -7 - -12. Suppose 0 = 4*c - 3*m - 48, 3*c + 36 = 6*c - u*m. What is the tens digit of c?
1
Suppose 4*w - 162 = -38. What is the tens digit of w?
3
Let s be (-1 - -1*2) + -1. Suppose -5 = -3*m + 7. Suppose m*l - 46 - 2 = s. What is the units digit of l?
2
Suppose 3*q = -2*n - 5, -q + 4*n + 20 = 3*q. Let s = 7 - 5. What is the units digit of (3 - q) + s*1?
4
Let a = 102 + -81. What is the units digit of a?
1
Let g be (3 + (-13)/4)*-4. What is the units digit of (1 - g) + (25 - -1)?
6
Let t = 9 + -5. Let j = t - 2. What is the units digit of j?
2
Suppose 5*p = -2*c - 8, 4*c + 5*p - 8 = p. Let b be c/4*(-8)/6. Let d = 3 - b. What is the units digit of d?
5
Let q(x) = 1. Let h(d) = -d - 4. Let g(u) = h(u) + 5*q(u). Let r be g(0). What is the units digit of (3 + -4)/(r*-1)?
1
Suppose 5*a = 2*w - 3 - 89, w + 4*a = 20. What is the units digit of w?
6
Let r(j) = 2*j**2 - j - 3. What is the tens digit of r(-6)?
7
Let r(v) = -v**2 + 13*v - 8. Let c be r(12). What is the tens digit of c/16 - 107/(-4)?
2
Let l be (-40)/(-30) + (-2)/6. Suppose 2*y - 5*j - 95 = 0, 3*j = -l + 4. What is the tens digit of y?
5
Let g(n) = 5*n - 3. Let c(j) = -10*j + 7. Let d(a) = 2*c(a) + 5*g(a). Let k be d(1). Suppose 2*z = -3*o - 2, 4*o + 2*z + k = -z. What is the units digit of o?
2
Suppose -5*o = 5*u + 5, 0*o - u = -o + 1. Let r = -3 + o. What is the units digit of r - (-15 - (2 + -2))?
2
Let f be (-2)/6*180/(-4). What is the tens digit of f + 0*1/2?
1
Let o = 84 + 38. What is the hundreds digit of o?
1
Suppose 540 = 3*l - 0. What is the tens digit of l?
8
Let h = 144 - 97. What is the tens digit of h - (-2 - -1) - -3?
5
Let u(o) = -3*o + 1. Let t(k) = -k**2 + 7*k + 4. Let n(y) = y**2 + y + 1. Let x(g) = 2*n(g) + t(g). Let s be x(-8). What is the units digit of u(s)?
7
What is the tens digit of (-1432)/(-36) + 12/54?
4
Let z(f) be the second derivative of -f**5/20 - f**4/4 - f**3/3 - f**2/2 + 3*f. Let j be z(-1). What is the units digit of (0 + 0 - j)*9?
9
Suppose 3*z + 6 = 2*z. Let j = 3 + z. What is the tens digit of 14 - (12/(-3) - j)?
1
Let r = 541 - 379. What is the units digit of r?
2
Suppose -5*w + 7*y = 4*y - 12, -2*y - 8 = -2*w. Suppose -2*z + z + 8 = w. Let j(c) = c**2 - 7*c - 1. What is the units digit of j(z)?
7
Suppose -3*v - 8 = v. Let r = 21 + v. What is the units digit of r?
9
Suppose p - 163 = -2*i, 0 = 4*i - 2*i - p - 169. What is the units digit of i?
3
Let u = 107 + -68. What is the units digit of u?
9
Let w = -26 + 38. Let d = w + -20. What is the units digit of 6/4 + 4/d?
1
Suppose 11*j - 2 = 10*j. What is the units digit of j?
2
Let x(u) = u**2 - 12. Let q(r) = -4. Let i(d) = -8*q(d) + 3*x(d). What is the units digit of i(-4)?
4
Suppose -2*f - v + 319 = 32, 0 = -2*f - 4*v + 278. What is the hundreds digit of f?
1
Let q be (-3)/(27/(-105))*3. Suppose -2*d = -d - q. Suppose -2*c + 0*x + 32 = -2*x, 0 = 2*c - 5*x - d. What is the units digit of c?
5
Let l = -89 + 338. What is the hundreds digit of l?
2
Let j = 83 + -58. What is the tens digit of j?
2
What is the hundreds digit of 126*((-1 - -1) + 1)?
1
Let j(y) be the third derivative of 0 + 1/12*y**4 + 0*y + 0*y**3 + 1/60*y**5 + 2*y**2. What is the units digit of j(-3)?
3
Let w = 53 + -32. Suppose 3*c + c = 0. Suppose c = -5*g + 2*g + w. What is the units digit of g?
7
Let p = -71 - -37. Suppose 2*w - 16 = t, -5*t - 2*w - 108 = 2*w. Let d = t - p. What is the units digit of d?
4
Let m(j) = -8*j - 7. Let x = -11 + 6. What is the units digit of m(x)?
3
Let c(v) = v**3 + 13*v**2 + 14*v + 9. What is the hundreds digit of c(-10)?
1
Suppose 0*p = -3*p - 6. What is the units digit of (-5)/5 - 38/p?
8
Suppose 3*s = 3*z, -2*s = 2*s - 3*z - 3. Suppose -3 - 9 = -s*y. What is the units digit of y?
4
Let h(n) = 2*n**2 - 17*n - 6. Let o be h(9). Let a = 72 - -33. Suppose o*r + a = 8*r. What is the tens digit of r?
2
Suppose -6*a = 4*m - 7*a - 115, 5*m + 2*a - 134 = 0. What is the units digit of m?
8
What is the tens digit of (-87)/(-6) - 2/4?
1
Let a = -109 + 159. What is the tens digit of a?
5
Let f = 57 + -7. What is the units digit of f?
0
Suppose -2*p + 2*f + 2 = 0, f - 4*f + 5 = -p. Suppose 0 = -2*o - 5*n + 30, -4*o - p*n + 30 = -9*n. What is the tens digit of o?
1
Suppose 2*g = -3*o - 2 + 12, -2*o = -4*g + 4. Let d = 14 - o. What is the units digit of d?
2
Suppose -4*y - 196 = -5*r + 185, r + 2*y - 79 = 0. What is the tens digit of r?
7
What is the units digit of (-9 - -11) + 6 + 1?
9
Suppose 0 = 2*o - 5*b - 78, -95 + 17 = -2*o + 2*b. What is the units digit of o?
9
Let f = 118 - 80. What i